its digit of (1378/i)/(2/(-3))?
3
Suppose 18 - 16 = c. Suppose -5*f - 2*m = -250, 3*f + c*m - 101 = 53. What is the tens digit of f?
4
Let j(s) = -23*s**2 + 0*s + 0*s + 13*s**2 + s + 3. Let o be j(-2). Let n = o - -56. What is the tens digit of n?
1
Suppose -4*g = -2*g + j - 297, 0 = 2*g - 4*j - 272. Let k = -102 + g. What is the units digit of k?
4
Let u = 1062 + -626. What is the tens digit of u?
3
Let f(j) = -j**3 - 3*j**2 - j + 6. Let i = 30 - 34. What is the tens digit of f(i)?
2
Let j be -8 + -2 + 4*1. Let n(y) = -17*y - 6. What is the tens digit of n(j)?
9
Suppose -188 = 9*b - 3896. What is the hundreds digit of b?
4
Suppose -3*u + c + 5 = 0, 3*u - 12 - 8 = 4*c. Suppose u*y = 2*y - 232. What is the tens digit of y?
1
Let c = -1759 + 6587. What is the thousands digit of c?
4
Let s = 243 + -461. Let t = -127 - s. What is the tens digit of t?
9
Let k = 3476 - 2161. What is the tens digit of k?
1
Suppose 2*l + 3*n = n - 62, -4*n = 5*l + 152. Let r = l - -60. Let g = r - 2. What is the units digit of g?
0
Let t = -10 - -13. Suppose -t*v + 938 = 2*v - 3*n, 0 = 2*n - 8. What is the tens digit of v?
9
What is the hundreds digit of 12 + -17 - (-3950 - -7)?
9
What is the tens digit of 3 + (12/84 - (-22287)/7)?
8
Let n = -18 + 11. Let f(v) = v**2 - 4*v - 16. What is the tens digit of f(n)?
6
Suppose 0 = -4*q - 4*k + 60, 0 = q - 3*k + 2*k - 25. What is the tens digit of q?
2
Let m = -46 - -48. Suppose -o - 25 = -k + m*o, k = -o + 21. What is the units digit of k?
2
Let u(c) = c**2 - 7*c - 2. Let f be u(-7). Suppose 0*y = 2*j + 4*y - f, 2*j = 3*y + 68. What is the tens digit of j?
4
Let d = -516 - -2314. What is the thousands digit of d?
1
Let v be -1 + 3 + -1 + 1. What is the hundreds digit of v/(-4) - (-1089)/6?
1
Suppose -4*s - 3*b + 4798 = 0, 0 = 2*s + 3*b - 3020 + 624. What is the units digit of s?
1
Let s(r) = -r**3 - 7*r**2 + 8*r + 4. Let a be s(-8). Suppose k - a = -k. What is the units digit of (-1 + (-3)/(-2))*k?
1
Suppose -4*u + f = -668, -3*u + 2*f + 373 = -128. What is the tens digit of u?
6
Let z(s) = -s**3 - 11*s**2 - 2*s - 16. Let y be z(-11). Suppose -y*d = -d - 405. Suppose -d = -2*j - j. What is the tens digit of j?
2
Let x be -50*(-1 + (-18)/10). Suppose -6*s + 2*s + x = 0. Let u = s - 11. What is the tens digit of u?
2
Let p(u) = 385*u + 34. What is the units digit of p(5)?
9
Let i(q) = -q**3 - 19*q**2 - 15*q - 21. Let s be i(-19). Let v be 2 - 0 - -4*2. What is the units digit of (v/(-20))/((-2)/s)?
6
Suppose 528 + 3 = -3*l. Let a = -110 - l. What is the units digit of a?
7
Let m = -9 + 32. Suppose m = -4*h - 189. Let r = h - -96. What is the units digit of r?
3
Let q(d) = -d**2 + 7*d - 1. Let y be q(6). Suppose -2*k + 2*s - 119 = -7*k, -y*s = 4*k - 102. What is the tens digit of k?
2
Let n be (-1 + 0)*-3 - -1. Suppose 0 = -2*t - 2, 2*q - n*t - 19 = -q. Suppose -6*m = -q*m - 48. What is the tens digit of m?
4
Suppose -3*p + 2*p + 12 = 4*g, -g + 3 = -3*p. What is the hundreds digit of ((-1)/g)/(-2*(-1)/(-642))?
1
Let k = -40 + 46. Let w(p) = 11*p + 9. What is the tens digit of w(k)?
7
Suppose 2*q - 23*d - 435 = -20*d, 15 = -5*d. What is the hundreds digit of q?
2
Suppose 60*z - 82*z + 22374 = 0. What is the hundreds digit of z?
0
Let y(a) be the second derivative of -5*a**3/2 - 12*a. Let b be y(1). What is the units digit of -3*17*5/b?
7
Suppose n - 3045 = 3*m, 3*m - 9159 = -29*n + 26*n. What is the tens digit of n?
5
Suppose 5*y + 20 = 0, -3*c + 30 = 2*c - 5*y. Suppose -b = -c*k + 107 + 25, -5*k + 2*b = -330. What is the units digit of k?
6
Let m(k) = -k**3 + 10*k**2 - 3*k + 9. Let x = -2 + 5. Suppose -2*g - b + 21 = -2*b, -x*g + 5*b = -42. What is the tens digit of m(g)?
6
Let l(s) = -8*s + 0 - s**2 + 2*s**2 - 3. Suppose -1 - 29 = -3*n. What is the tens digit of l(n)?
1
Let u(k) = -k**2 + 15*k + 9. What is the units digit of u(14)?
3
Let p be (2 - 1)*(5 + 5 + 1). Suppose 5*d + 810 = 5*y, 4*d = -1 - p. What is the tens digit of y?
5
Suppose 3*d - 1170 = n, -5*d + 6*n - 4*n + 1951 = 0. What is the tens digit of d?
8
Suppose 5*c + 80*w - 2120 = 79*w, 3*c - 2*w - 1285 = 0. What is the tens digit of c?
2
Let n be (-14)/56 + -1 + (-17)/(-4). Suppose 4*s - 273 = -3*w, -n*s + 3*w + 272 - 41 = 0. What is the units digit of s?
2
Let d = 1 + 6. Let f = d + -23. Let m = f - -25. What is the units digit of m?
9
What is the tens digit of 197592/104 - (-7)/91?
0
Let y(k) = -85*k**3 + k**2 - 8*k - 19. What is the hundreds digit of y(-2)?
6
Suppose -644 + 1634 = 15*c. What is the units digit of c?
6
Suppose 4*d = 3*n + 5068 - 1014, -3*n + 6 = 0. What is the thousands digit of d?
1
Let y(t) = -t**2 - 6*t + 3. Let i be y(-5). Suppose i = 2*x, -5*z - 3*x = -10*z + 48. Suppose 22*b - 18*b = z. What is the units digit of b?
3
Suppose 0 = -3*d - 5*h + 45, 2*d - 2*h = 2*h + 30. Let u be 194/10 + 9/d. Suppose u = -3*o + 59. What is the tens digit of o?
1
Suppose 2*q - 1580 = 3*l - 448, -l = q - 566. What is the hundreds digit of -6*3/(-36)*q?
2
Let t(m) = m**3 - 2*m**2 + 6*m + 3. Let q be t(-7). Let v be (1/2)/((-8)/q). Suppose 0 = z + k - 2*k - v, 0 = 4*z - 2*k - 116. What is the units digit of z?
8
Let l(y) = 6*y**3 + 4*y**2 + 11*y - 8. What is the thousands digit of l(6)?
1
Let p(b) = b**3 + 6*b**2 - 17*b + 39. What is the tens digit of p(7)?
5
Suppose 5*u - 11 - 14 = 0. Suppose 5*l + 70 = -u*a, 0 = 2*a + l + 2*l + 32. What is the units digit of 1/((1/a)/(-1))?
0
Let b be (-10)/(20/(-6)) + 0. Let p(h) = h**3 + 5*h**2 + 5*h + 6. Let l be p(-4). Suppose l*v = v + b. What is the units digit of v?
3
Suppose 0 = -2*q - 0*q + 8. Suppose 0 = -2*d + 12 - q. Suppose -o + d*o = 111. What is the tens digit of o?
3
Let w = 114 - -316. What is the tens digit of w?
3
Suppose -2*n - 15 = -5*n. Suppose -n*x + 225 = -2*x. What is the tens digit of x?
7
Suppose 2*b + 2 = 12. Suppose -143 = b*i - 718. Suppose -2*y - 3*y + i = 0. What is the units digit of y?
3
Suppose 4*v = -6*j + 5*j + 1526, -4*v = -3*j + 4642. What is the hundreds digit of j?
5
Let t(f) = -f**3 + 32 + 3*f - 2*f**2 - 17 - 23. What is the units digit of t(-5)?
2
Suppose 0 = 5*t - t. Suppose t = r + 11 + 18. Let p = r - -45. What is the units digit of p?
6
Let j = -170 + 3454. What is the tens digit of j/52 + (-4)/26?
6
Let k = -21 + 15. Let i be (-3 + (-8)/k)*-3. Suppose 259 = i*h + 9. What is the tens digit of h?
5
Suppose 9 = 3*p, 4*c - 5530 = 2*p - 1104. What is the hundreds digit of c?
1
Suppose -s - 3*u + 8*u = 16, 4*u - 20 = -s. Let b be 1/(2/s*-2). What is the units digit of b - 1 - 32/(-4)?
6
Suppose b - 4*v - 12 = v, -5*b + 5*v + 20 = 0. Let m(f) = -f**3 + 3*f**2 - 2. Let l be m(b). What is the units digit of (l - 1 - -3)/1?
4
Let l(w) = -15*w**3 - w**2 - 2*w - 2. Suppose 6*q = 2*q - 4. What is the tens digit of l(q)?
1
Let o be 805 + (11 - 2 - 4). Suppose -46*g + 51*g - o = 0. What is the units digit of g?
2
Let i be 45/(-60) + 1/(-4). Let b = i - 4. Let w(f) = f**2 + 7*f + 11. What is the units digit of w(b)?
1
Suppose -9*l = -11*l - 4. Let m be 0 + 2 + l - -2. Suppose 3*z = m*z + 3. What is the units digit of z?
3
Suppose 2*j + 2*v - 766 = 0, 0 = 3*j - 7*v + 8*v - 1143. What is the hundreds digit of j?
3
Suppose 5*w = -0*w. Suppose 5*p + 58 + 82 = w. What is the units digit of 1*(p/(-2) + -3)?
1
Let j(i) = -i + 11. Let q be (-10 - 2/2)*-2. Let z = 27 - q. What is the units digit of j(z)?
6
Let m = 1349 + -752. What is the units digit of m?
7
Let i(k) = 4*k**2 - 5*k + 9. Let d(g) = -g**2 - 1. Let f(w) = 6*d(w) + 2*i(w). What is the units digit of f(6)?
4
Suppose 3*m - 31 = 2*m. Suppose 3*r - 5*d = -47, -r - 4*d - 13 = -3*d. Let a = m + r. What is the units digit of a?
7
Let c be -3 + -1 - (0 + -8). Let s = c + 35. What is the units digit of s?
9
Suppose 0*z + 34 = 2*t + 2*z, 5*z = t + 13. Let f = t - 11. Let m(o) = 8*o**3 + o**2 - o + 1. What is the units digit of m(f)?
9
Let i(k) = -k**2 - 3*k + 23. Let p be i(0). Suppose -p*a = -25*a + 136. What is the tens digit of a?
6
Let v = 6 - 10. Let h be (v - -3)/(1/(-427)). What is the tens digit of 30/165 + h/11?
3
Suppose 217 = -6*t + 193. Suppose 4 = -m + 5*l, -5*m = -m - 3*l - 1. What is the units digit of t - (m + (-2 - 43))?
0
Let h(n) = n**2 - 4*n + 14. Suppose -5*c - 37 = -5*m + 43, 48 = 5*m + 3*c. What is the units digit of h(m)?
0